{"id":228,"date":"2013-08-26T14:50:38","date_gmt":"2013-08-26T12:50:38","guid":{"rendered":"http:\/\/www.rm-communication.de\/home\/?page_id=228"},"modified":"2021-10-06T17:24:20","modified_gmt":"2021-10-06T15:24:20","slug":"pr-service","status":"publish","type":"page","link":"https:\/\/www.rm-communication.de\/home\/leistungen\/pr-service\/","title":{"rendered":"PR-Service"},"content":{"rendered":"\n<p><strong>\u00d6ffentlichkeitsarbeit<\/strong> &#8211; auch Public Relations genannt &#8211; ist wichtiger Bestandteil der Kommunikationspolitik eines Unternehmens. Sie pflegt und intensiviert die Beziehungen zwischen dem Unternehmen und den Anspruchs- bzw. Interessensgruppen. Diese sind die Kunden, Zulieferer, \u00f6ffentliche Institutionen oder auch die eigenen Mitarbeiter.<\/p>\n\n\n\n<p><strong>Public Relations<\/strong> soll helfen:<\/p>\n\n\n\n<ul class=\"wp-block-list\"><li>Ihre (potenziellen) Kunden \u00fcber Produkte, Leistungen oder Unternehmensnachrichten zu informieren<\/li><li>Vertrauen aufzubauen und zu erhalten<\/li><li>Das Image des Unternehmens in der \u00d6ffentlichkeit aufzubauen und zu erhalten<\/li><\/ul>\n\n\n\n<p>RMC hilft Ihnen bei der \u00d6ffentlichkeitsbereich in den Bereichen:<\/p>\n\n\n\n<ul class=\"wp-block-list\"><li><strong><strong>Pressearbeit<\/strong><\/strong><\/li><li><strong><strong>Online-Marketing<\/strong><\/strong><\/li><li><strong><strong>Anzeigen-Marketing<\/strong><\/strong><\/li><\/ul>\n\n\n\n<h3 class=\"wp-block-heading\">Wissen was Redakteure wollen!<\/h3>\n\n\n\n<p>Aufgrund unserer jahrelangen Erfahrungen in Redaktionen unterschiedlicher Fachmedien wissen wir, worauf es beim journalistischen Texten ankommt. Deshalb k\u00f6nnen wir Sie bei Ihrer Pressearbeit unterst\u00fctzen. Nicht alle Unternehmen haben die Gelegenheit oder die Kapazit\u00e4ten, beispielsweise im Vorfeld zu Messen, geeignete Presse-Informationen zu erstellen. Oder einen Ansprechpartner f\u00fcr die Presse zu anzugeben.<\/p>\n\n\n\n<p>Wir helfen Ihnen beim Erstellen, Einrichten und Verfassen von:<\/p>\n\n\n\n<ul class=\"wp-block-list\"><li><strong>Pressemitteilungen\/Pressemappen<\/strong><\/li><li><strong>Fachartikel<\/strong><\/li><li><strong>Case Studies<\/strong><\/li><li><strong>Unternehmensbrosch\u00fcren\/Flyer<\/strong><\/li><li><strong>Pressefotos\/Bildredeaktion<\/strong><\/li><\/ul>\n\n\n\n<p>Wir sind der Ansprechpartner f\u00fcr Ihre Pressearbeit.<\/p>\n\n\n\n<p>Referenzen: u. a. Epson, Canon, Kindermann<\/p>\n\n\n\n<h3 class=\"wp-block-heading\">Online-Marketing<\/h3>\n\n\n\n<p>Das Internet hat das Kommunikationsverhalten fast aller Menschen drastisch beeinflusst. Informationen in jeder erdenklichen Form und F\u00fclle \u00fcberschwemmen die Internetnutzer. Dennoch m\u00fcssen Unternehmen diese Plattform nutzen, um zeitgem\u00e4\u00df zu sein und die Vorteile zu nutzen. Doch wie kann man sich vom Wettbewerb abheben und zeitgleich seine Kunden erreichen? Durch optimiertes Online-Marketing!<\/p>\n\n\n\n<p>Wir helfen Ihnen beim Erstellen, Einrichten und Verfassen von:<\/p>\n\n\n\n<ul class=\"wp-block-list\"><li><strong>Web-Redaktion<\/strong><\/li><li><strong>SEO-Ma\u00dfnahmen<\/strong><\/li><li><strong>Analytics<\/strong><\/li><li><strong>Bannerwerbung<\/strong><\/li><li><strong>Bildbearbeitung<\/strong><\/li><li><strong>Social Media<\/strong><\/li><\/ul>\n\n\n\n<p>Beim Online-Marketing ist darauf zu achten, dass kontinuierlich Inhalte auf die Website oder die Blogs eingestellt werden.<\/p>\n\n\n\n<h3 class=\"wp-block-heading\">Anzeigen-Marketing<\/h3>\n\n\n\n<p>Trotz des Internets bleibt das klassische Anzeigen-Marketing fester Bestandteil aktiver Kommunikationspolitik in den Unternehmen.<\/p>\n\n\n\n<p>Wir helfen Ihnen beim Erstellen, Einrichten und Verfassen von:<\/p>\n\n\n\n<ul class=\"wp-block-list\"><li><strong>Mediaplanung<\/strong><\/li><li><strong>Anzeigengestaltung<\/strong><\/li><li><strong>PR-Anzeigen<\/strong><\/li><\/ul>\n","protected":false},"excerpt":{"rendered":"<div class=\"mh-excerpt\"><p>\u00d6ffentlichkeitsarbeit &#8211; auch Public Relations genannt &#8211; ist wichtiger Bestandteil der Kommunikationspolitik eines Unternehmens. Sie pflegt und intensiviert die Beziehungen <a class=\"mh-excerpt-more\" href=\"https:\/\/www.rm-communication.de\/home\/leistungen\/pr-service\/\" title=\"PR-Service\">[Mehr &#8230;]<\/a><\/p>\n<\/div>","protected":false},"author":1,"featured_media":0,"parent":61,"menu_order":0,"comment_status":"closed","ping_status":"closed","template":"","meta":{"footnotes":""},"class_list":["post-228","page","type-page","status-publish"],"yoast_head":"<!-- This site is optimized with the Yoast SEO plugin v27.3 - https:\/\/yoast.com\/product\/yoast-seo-wordpress\/ -->\n<title>PR-Service - RM-Communication<\/title>\n<meta name=\"robots\" content=\"index, follow, max-snippet:-1, max-image-preview:large, max-video-preview:-1\" \/>\n<link rel=\"canonical\" href=\"https:\/\/www.rm-communication.de\/home\/leistungen\/pr-service\/\" \/>\n<meta property=\"og:locale\" content=\"de_DE\" \/>\n<meta property=\"og:type\" content=\"article\" \/>\n<meta property=\"og:title\" content=\"PR-Service - RM-Communication\" \/>\n<meta property=\"og:description\" content=\"\u00d6ffentlichkeitsarbeit &#8211; auch Public Relations genannt &#8211; ist wichtiger Bestandteil der Kommunikationspolitik eines Unternehmens. Sie pflegt und intensiviert die Beziehungen [Mehr ...]\" \/>\n<meta property=\"og:url\" content=\"https:\/\/www.rm-communication.de\/home\/leistungen\/pr-service\/\" \/>\n<meta property=\"og:site_name\" content=\"RM-Communication\" \/>\n<meta property=\"article:modified_time\" content=\"2021-10-06T15:24:20+00:00\" \/>\n<meta name=\"twitter:card\" content=\"summary_large_image\" \/>\n<meta name=\"twitter:label1\" content=\"Gesch\u00e4tzte Lesezeit\" \/>\n\t<meta name=\"twitter:data1\" content=\"2\u00a0Minuten\" \/>\n<script type=\"application\/ld+json\" class=\"yoast-schema-graph\">{\"@context\":\"https:\\\/\\\/schema.org\",\"@graph\":[{\"@type\":\"WebPage\",\"@id\":\"https:\\\/\\\/www.rm-communication.de\\\/home\\\/leistungen\\\/pr-service\\\/\",\"url\":\"https:\\\/\\\/www.rm-communication.de\\\/home\\\/leistungen\\\/pr-service\\\/\",\"name\":\"PR-Service - RM-Communication\",\"isPartOf\":{\"@id\":\"https:\\\/\\\/www.rm-communication.de\\\/home\\\/#website\"},\"datePublished\":\"2013-08-26T12:50:38+00:00\",\"dateModified\":\"2021-10-06T15:24:20+00:00\",\"breadcrumb\":{\"@id\":\"https:\\\/\\\/www.rm-communication.de\\\/home\\\/leistungen\\\/pr-service\\\/#breadcrumb\"},\"inLanguage\":\"de\",\"potentialAction\":[{\"@type\":\"ReadAction\",\"target\":[\"https:\\\/\\\/www.rm-communication.de\\\/home\\\/leistungen\\\/pr-service\\\/\"]}]},{\"@type\":\"BreadcrumbList\",\"@id\":\"https:\\\/\\\/www.rm-communication.de\\\/home\\\/leistungen\\\/pr-service\\\/#breadcrumb\",\"itemListElement\":[{\"@type\":\"ListItem\",\"position\":1,\"name\":\"Home\",\"item\":\"https:\\\/\\\/www.rm-communication.de\\\/home\\\/\"},{\"@type\":\"ListItem\",\"position\":2,\"name\":\"Leistungen\",\"item\":\"https:\\\/\\\/www.rm-communication.de\\\/home\\\/leistungen\\\/\"},{\"@type\":\"ListItem\",\"position\":3,\"name\":\"PR-Service\"}]},{\"@type\":\"WebSite\",\"@id\":\"https:\\\/\\\/www.rm-communication.de\\\/home\\\/#website\",\"url\":\"https:\\\/\\\/www.rm-communication.de\\\/home\\\/\",\"name\":\"RM-Communication\",\"description\":\"Agentur f\u00fcr Kommunikation, PR-Service, Content-Management und Pr\u00e4sentationen\",\"potentialAction\":[{\"@type\":\"SearchAction\",\"target\":{\"@type\":\"EntryPoint\",\"urlTemplate\":\"https:\\\/\\\/www.rm-communication.de\\\/home\\\/?s={search_term_string}\"},\"query-input\":{\"@type\":\"PropertyValueSpecification\",\"valueRequired\":true,\"valueName\":\"search_term_string\"}}],\"inLanguage\":\"de\"}]}<\/script>\n<!-- \/ Yoast SEO plugin. -->","yoast_head_json":{"title":"PR-Service - RM-Communication","robots":{"index":"index","follow":"follow","max-snippet":"max-snippet:-1","max-image-preview":"max-image-preview:large","max-video-preview":"max-video-preview:-1"},"canonical":"https:\/\/www.rm-communication.de\/home\/leistungen\/pr-service\/","og_locale":"de_DE","og_type":"article","og_title":"PR-Service - RM-Communication","og_description":"\u00d6ffentlichkeitsarbeit &#8211; auch Public Relations genannt &#8211; ist wichtiger Bestandteil der Kommunikationspolitik eines Unternehmens. Sie pflegt und intensiviert die Beziehungen [Mehr ...]","og_url":"https:\/\/www.rm-communication.de\/home\/leistungen\/pr-service\/","og_site_name":"RM-Communication","article_modified_time":"2021-10-06T15:24:20+00:00","twitter_card":"summary_large_image","twitter_misc":{"Gesch\u00e4tzte Lesezeit":"2\u00a0Minuten"},"schema":{"@context":"https:\/\/schema.org","@graph":[{"@type":"WebPage","@id":"https:\/\/www.rm-communication.de\/home\/leistungen\/pr-service\/","url":"https:\/\/www.rm-communication.de\/home\/leistungen\/pr-service\/","name":"PR-Service - RM-Communication","isPartOf":{"@id":"https:\/\/www.rm-communication.de\/home\/#website"},"datePublished":"2013-08-26T12:50:38+00:00","dateModified":"2021-10-06T15:24:20+00:00","breadcrumb":{"@id":"https:\/\/www.rm-communication.de\/home\/leistungen\/pr-service\/#breadcrumb"},"inLanguage":"de","potentialAction":[{"@type":"ReadAction","target":["https:\/\/www.rm-communication.de\/home\/leistungen\/pr-service\/"]}]},{"@type":"BreadcrumbList","@id":"https:\/\/www.rm-communication.de\/home\/leistungen\/pr-service\/#breadcrumb","itemListElement":[{"@type":"ListItem","position":1,"name":"Home","item":"https:\/\/www.rm-communication.de\/home\/"},{"@type":"ListItem","position":2,"name":"Leistungen","item":"https:\/\/www.rm-communication.de\/home\/leistungen\/"},{"@type":"ListItem","position":3,"name":"PR-Service"}]},{"@type":"WebSite","@id":"https:\/\/www.rm-communication.de\/home\/#website","url":"https:\/\/www.rm-communication.de\/home\/","name":"RM-Communication","description":"Agentur f\u00fcr Kommunikation, PR-Service, Content-Management und Pr\u00e4sentationen","potentialAction":[{"@type":"SearchAction","target":{"@type":"EntryPoint","urlTemplate":"https:\/\/www.rm-communication.de\/home\/?s={search_term_string}"},"query-input":{"@type":"PropertyValueSpecification","valueRequired":true,"valueName":"search_term_string"}}],"inLanguage":"de"}]}},"_links":{"self":[{"href":"https:\/\/www.rm-communication.de\/home\/wp-json\/wp\/v2\/pages\/228","targetHints":{"allow":["GET"]}}],"collection":[{"href":"https:\/\/www.rm-communication.de\/home\/wp-json\/wp\/v2\/pages"}],"about":[{"href":"https:\/\/www.rm-communication.de\/home\/wp-json\/wp\/v2\/types\/page"}],"author":[{"embeddable":true,"href":"https:\/\/www.rm-communication.de\/home\/wp-json\/wp\/v2\/users\/1"}],"replies":[{"embeddable":true,"href":"https:\/\/www.rm-communication.de\/home\/wp-json\/wp\/v2\/comments?post=228"}],"version-history":[{"count":16,"href":"https:\/\/www.rm-communication.de\/home\/wp-json\/wp\/v2\/pages\/228\/revisions"}],"predecessor-version":[{"id":1114,"href":"https:\/\/www.rm-communication.de\/home\/wp-json\/wp\/v2\/pages\/228\/revisions\/1114"}],"up":[{"embeddable":true,"href":"https:\/\/www.rm-communication.de\/home\/wp-json\/wp\/v2\/pages\/61"}],"wp:attachment":[{"href":"https:\/\/www.rm-communication.de\/home\/wp-json\/wp\/v2\/media?parent=228"}],"curies":[{"name":"wp","href":"https:\/\/api.w.org\/{rel}","templated":true}]}}